 13*j - 10. Let s be y(-12). Let b(n) = -25*n + 0 - s + n**2 + 21*n. What is b(5)?
3
Let m(q) be the second derivative of 22*q**3/3 + 11*q**2/2 + 37*q + 12. Determine m(-2).
-77
Suppose -480*q = -485*q. Let b(i) = i**2 - 34. Determine b(q).
-34
Suppose 7*n = 2*n + 660. Let q be (1 + (-122)/8)*84/(-9). Let m = q - n. Let p(x) = 7*x**3 - x**2 + x. What is p(m)?
7
Let l(x) be the first derivative of 5*x**3/3 - 14*x**2 + 4*x + 2716. What is l(8)?
100
Let s(p) = -4*p**2 + 7*p + 3*p**2 + 1 - 4. Let y be (-48)/(-18) + 2/6. Suppose -6 = -y*z + 5*r, 3*r + 6 = -z + 22. Calculate s(z).
-3
Let y(o) = o - 21831 + 21800 - o - 4*o. Calculate y(0).
-31
Let v(y) = 6*y**2 - 23*y + 20. Let f(w) = w**2 - 9*w. Let j(z) = 5*f(z) - v(z). Determine j(-22).
-20
Let l(r) = r**2 - 2*r + 8. Suppose 8 = -2*s + m, -2*s + 13*m = 15 - 79. Determine l(s).
71
Let o(k) be the first derivative of -1/2*k**2 - 6*k - 1. Let w be o(-5). Let j(p) = 24*p**2 + p. Calculate j(w).
23
Let i(p) be the second derivative of -p**5/20 + p**4/12 - p**3/6 - 3*p**2/2 + 4*p + 51. What is i(0)?
-3
Let m(i) = -i**3 + 5*i**2 - i - 1. Let h be (-3)/(-2)*(2 + 0). Let b be (0 - (-4 + h))/(-1). Let p be (((-3)/(-3))/1)/(b/(-5)). What is m(p)?
-6
Let u(c) be the first derivative of c**2 - 42*c + 7146. Calculate u(16).
-10
Let k(h) = 40*h + 153. Let f(l) = -8*l - 32. Let z(r) = -16*f(r) - 3*k(r). Give z(-7).
-3
Let k(g) be the first derivative of -g**3/3 - 14*g + 1. Suppose q + f = -2*f + 18, 0 = 2*f - 10. Suppose -3*p = -x - 6, q*x + p - 1 = 1. Determine k(x).
-14
Let t(j) = 3*j**2 - 10 - j + 38 - 23 - 11. Determine t(-2).
8
Let s be ((-27)/450)/((-396)/330). Let f(a) be the second derivative of -5/12*a**4 + 0 + 0*a**2 - s*a**5 + 35*a - 1/3*a**3. Calculate f(-4).
-8
Let a(h) = 3*h - h**3 + 1949*h**2 - 1957*h**2 - 8 - 12*h. Let q(w) = -2*w**2 - 24*w - 47. Let c be q(-10). Give a(c).
6
Let j be (-30)/45*198/(-44). Let g(z) be the first derivative of 1/3*z**3 - 3 + j*z**2 - 8*z. Determine g(-7).
-1
Let x be (6/10)/((24/100)/2). Let q(p) = x - 4*p**2 - 10*p - 4*p**3 - p**2 + 5*p**3 + 2*p**2 - 4*p**2. Calculate q(8).
-11
Let z be -2*2*6/8. Let q(d) be the first derivative of -3/2*d**2 + 2*d + 1/4*d**4 - 162 + 2/3*d**3. Calculate q(z).
2
Let o(z) = -z + 9. Let q(n) = 5. Let r(x) = 4*o(x) - 7*q(x). Let k be (-805)/(-322)*((-16)/10)/2. What is r(k)?
9
Let b(m) = 0 + 2 - 10*m + 6 + m**2. Let g be 1/((1 - 2) + (-10)/(-12)). Let x be 3/(g/4)*14/(-4). Calculate b(x).
-13
Let l(y) = y**3 + 15*y**2 + 13*y - 17. Let d be -5 - 0 - (-3 - -12). Determine l(d).
-3
Let t(g) be the first derivative of g**4/4 - 4*g**3/3 - 3*g**2/2 + 5*g - 6698. Let h be ((-20)/6)/((-2)/3). Calculate t(h).
15
Let d(g) = g**2 + 2*g + 1. Let p = -38 + 41. Suppose -24 = -p*x - 18. Let j(s) = -2*s + 1. Let a be j(x). Give d(a).
4
Suppose 13*c = c + 24. Let d be (-10)/(-4)*2*c/2. Suppose 7*r - 19 = 4*r - d*w, 0 = 5*r + 4*w - 23. Let o(j) = j**3 - 3*j**2 - j - 4. Calculate o(r).
-7
Let w(k) = -21*k + 4. Let v be w(-3). Let u(x) = 18*x - 5. Let f be u(4). Let z(i) = i**2 - 2 - f*i + v*i. What is z(-2)?
2
Let w(u) be the first derivative of u**3/3 + u**2/2 - 54*u - 4536. Give w(0).
-54
Let a(t) be the first derivative of t**5/24 + 11*t**4/24 + t**3/3 + 89*t + 105. Let r(n) be the third derivative of a(n). Calculate r(-8).
-29
Let x(r) = -12*r**3 + r**2 - 3*r + 2. Let s be x(1). Let j(t) = 77*t + 919. Give j(s).
-5
Let a(v) be the second derivative of -7*v**2 - 1/6*v**3 - 20*v + 0 + 7/24*v**4. Let d(l) be the first derivative of a(l). Determine d(-1).
-8
Let q(t) = 91*t + 16. Let u(r) = -323*r - 49. Let f(j) = -7*q(j) - 2*u(j). Calculate f(1).
-5
Let s(d) = 9*d - 245. Let k(i) = 43*i - 1334. Let t(z) = 4*k(z) - 22*s(z). Calculate t(4).
-50
Suppose -2*m + 5 = 3. Let d(n) be the second derivative of 1/6*n**3 - 5/12*n**4 + 0*n**2 + 81*n + 0. Give d(m).
-4
Let a(z) = z**3 + 7*z**2 - 22*z - 28. Let v be a(-9). Let o(j) = -v + 7 + 6 - 5*j + 4*j. Calculate o(7).
-2
Let m(o) be the second derivative of o**4/6 - 4*o**3/3 - 21*o**2/2 - 4673*o. Give m(6).
3
Let i(w) = -654*w - 15. Let c(y) = -523*y - 14. Let h(m) = 5*c(m) - 4*i(m). Let s = 1 + 9. Calculate h(s).
0
Suppose 0 = 62*i + 303 + 255. Suppose -5*m - 2 = -3*y + 7*y, 9 = -3*m - 5*y. Let k(w) = 4*w - 21. Let b(d) = d - 7. Let c(r) = m*k(r) - 7*b(r). Determine c(i).
-2
Let a(v) = 1042326*v**2 + v**3 + 2*v + 1 + 5*v - 2*v**3 - 1042324*v**2. Determine a(-3).
25
Let z(o) be the second derivative of -3*o - 6 + 3/2*o**3 + 0*o**2. Calculate z(-2).
-18
Let b(x) = -4728 - 4727 + 8*x + 14177 - 4721. What is b(-7)?
-55
Let u(z) = 2*z - 123. Let b(s) = s - 74. Let m(v) = -5*b(v) + 3*u(v). Calculate m(-14).
-13
Let u be 4 + 2/(-1) + 1. Let k(d) = 5*d**2 + 5*d - 4. Let q(a) = -23*a**2 - 20*a + 17. Let i(w) = 9*k(w) + 2*q(w). Give i(u).
4
Let x(c) = -c**3 + 10*c**2 - 9*c - 10. Let l be x(9). Let f(i) = -3*i + 126. Let j(b) = 5*b - 206. Let n(u) = 23*f(u) + 14*j(u). Give n(l).
4
Let v(m) = -m**3 + 9*m**2 + 3 - 3*m - 3*m**2 - 1. Let q = -690199 + 690205. Determine v(q).
-16
Let g(w) = -w**3 + 7*w**2 + 3*w - 7. Let p be ((-3)/15)/((-24)/(-120)). Let b be 1/p + (7 - -1). Calculate g(b).
14
Let j(m) = m**2 - 7*m - 8. Let q = -906 - -907. Let n be (q + 1)/((-11)/(-44)). What is j(n)?
0
Let i = 210308 - 210307. Let o = 9 - 2. Let v(g) = 0*g**3 + 0*g**3 - g**2 - o*g**3. What is v(i)?
-8
Let a(z) be the third derivative of 1/240*z**6 + 0*z**3 + 0*z - 1/6*z**4 - 11*z**2 - 1/24*z**5 + 0. Let c(b) be the second derivative of a(b). Calculate c(5).
10
Let m(n) = -n**3 - 6*n**2 - 4*n - 1. Suppose 3*p - 33 = 57. Let d = p + -27. Suppose -f = 2 + d. Determine m(f).
-6
Suppose 7 = 2*m - 7. Let x(t) be the third derivative of t**4/6 - t**3/2 - 9*t**2 + 2. Calculate x(m).
25
Suppose 5*f - 19 = 2*l + 8, -f - 5*l = 0. Suppose 4 = f*n - 3*n. Let o(b) = -b**n + 5*b - 3 - 5 + 4 + 6. Calculate o(4).
6
Let y(k) be the third derivative of k**4/2 - 68*k**3/3 - k**2 - 355*k. Give y(11).
-4
Let a = -1848 - -1847. Let l(d) = -7*d**2 - 7*d - 3. Give l(a).
-3
Let t(w) be the second derivative of w**4/12 - 5*w**3/6 + 5*w**2/2 - 726*w. Let m = 4 + 1. Let y be t(m). Let z(v) = v**2 - 7*v + 7. Determine z(y).
-3
Let z be 82/(-8) + 7/28. Let j = 20 + z. Let o(h) = -5 + 3 - j*h + 11*h. What is o(0)?
-2
Let o(t) = 2*t**2 - 2*t + 14. Suppose 0*v = -5*v + c, -5*v - 30 = 5*c. Let p(n) = -3. Let h(l) = v*o(l) - 5*p(l). What is h(3)?
-11
Let q(w) = 17*w**3 + 3*w + 3. Suppose -5*n = o + 36, 4*o - n - 2 = -o. Determine q(o).
-17
Let a(c) = -6*c - 1. Let m(x) = -20*x - 3. Let q(w) = -4*a(w) + m(w). Determine q(-6).
-23
Let z(s) = s**3 + 5*s**2 + 5*s + 3. Suppose 5*q - 11 = 4*u - 0*q, -4*q + 8 = -3*u. Let k = 6 + u. Suppose 0 = -3*x - k*x - 15. Determine z(x).
6
Suppose 0*a = 2*a - 118. Let t = a + -71. Let x be ((-8)/t)/(3*2/54). Let n(c) = c**3 - 7*c**2 + 5*c + 5. Calculate n(x).
-1
Let s(j) be the third derivative of j**6/120 + j**5/10 - j**4/12 + 37*j**3/6 + j**2 + j - 111. Give s(-7).
2
Let j(q) = -1 + q - 4*q - 3 - 3. Let m be j(-3). Let w(v) = -m*v - 41*v**2 + 42*v**2 - 2*v. Give w(4).
0
Suppose 3*i - 3*p - 1568 = 361, 0 = -i + 4*p + 628. Let g = i - 653. Let v(c) = -c**3 - 6*c**2 - 3*c + 9. Calculate v(g).
-1
Let i(s) be the first derivative of -s**5/120 - 7*s**4/24 - 31*s**3/3 - 55. Let x(l) be the third derivative of i(l). Calculate x(-10).
3
Let q(g) = -4*g + 13. Let l be -2 - -8 - (-1)/((-4)/(-16)). Determine q(l).
-27
Let g(k) = 7*k - 11*k - 3 + 3*k. Let i be (-2)/(-6) + 160/24. Suppose -6*t + i*t + 7 = 0. Determine g(t).
4
Suppose -l - 36 = 2*b - 59, 5*b = 40. Let n(h) = -4*h**2 - 3*h + 11. Let c(f) = 3*f**2 + 4*f - 10. Let u(r) = 5*c(r) + 4*n(r). What is u(l)?
1
Suppose -22*c = 16 + 116. Let g(y) = -1. Let v(r) = -r - 2. Let k(q) = c*g(q) + 2*v(q). Give k(-4).
10
Let a(m) be the third derivative of m**5/60 - 23*m**4/24 + 17*m**3 + 2179*m**2. Determine a(7).
-10
Let b(z) = -z**2 - 13*z + 36. Let s be b(-15). Let g be s - -1 - 96/16. Let v(o) = 3*o + 1. Let k(f) = -f. Let d(u) = -k(u) + v(u). Give d(g).
5
Let x be 2/(-14) + (-464)/(-112). Let n(i) = -5*i + 15. Let y be n(x). Let d(r) = 2*r + 5. What is d(y)?
-5
Let i(p) = p**2 - p + 2. Suppose 0 = 2*r - 2*g - 132, 4*r - 2*g - 121 - 145 = 0. Let m = r + -64. What is i(m)?
8
Let p be (0 + 2)*(0 + (-70)/(-4